-30 + 36).
3
What is 4 - 1 - 7 - 2?
-6
What is -1 - 17 - (61 - 72)?
-7
What is -1 + (5 - 3) + -3?
-2
What is the value of 34 + -39 + (0 - 0) + -1?
-6
Evaluate 1 - ((-4 - -6) + 1 + 0).
-2
Evaluate 1 - -17 - (63 - 54).
9
What is 23 - 21 - (0 + 0 + -5)?
7
Evaluate (-1 + 1 - -1) + -4 + 7.
4
What is the value of 2 - (2 + 0 + -8) - 5?
3
Calculate 3 + (10 - 8 - 4).
1
Evaluate -4 + -3 + (14 - 13).
-6
Evaluate -1 + 2 + -3 + 6.
4
What is the value of 0 - -3 - (-2 - 0)?
5
What is the value of -7 + (-6 - -13) - 1?
-1
Calculate -5 + 2 + (1 - 2).
-4
What is the value of (6 - (-9 - -3 - -15)) + -1?
-4
Evaluate -4 - 0 - (9 + -13).
0
Calculate 18 + -18 - (-2 + -1) - -2.
5
What is (-5 - (0 - 8)) + 4 + -1?
6
2 + (4 + 4 - 6 - 10)
-6
Calculate 13 + -27 + -2 - -7.
-9
What is 3 + -1 + -1 + -2?
-1
4 - 11 - 1 - -11
3
What is -3 - (-3 - (-1 - -6))?
5
What is the value of -1 - 8 - (-4 + 7 - 8)?
-4
What is 0 + (2 + 4 - (37 - 24))?
-7
What is the value of (0 - (-1 - 2)) + -4?
-1
Calculate (-14 - -14) + 0 + -2 + 4.
2
8 - (-13 + 7 + 10 + -4)
8
What is 4 - (10 - 8 - (1 - -3))?
6
Calculate -1 + (-4 - ((-3 - -2) + 0)).
-4
Evaluate (-1 - (9 - (4 - 1))) + 5.
-2
Evaluate 0 + (10 - 6) + -3 + 2.
3
Evaluate 18 + -20 + (-5 - 3) - -7.
-3
-1 - (-3 - 4 - -5 - -4)
-3
Calculate -7 + 5 - (7 - 3).
-6
Evaluate -4 + 2 + 7 + (-2 - 7).
-4
What is the value of -3 - ((-7 - -1) + 4 + -1)?
0
-44 + 45 - (-2 - (3 + 1))
7
What is -10 + -9 + 9 + 4?
-6
-94 + 95 + -1 + 1 + -1
0
What is the value of 1 + 5 - (2 - -5)?
-1
What is the value of 1 + 2 + -1 + 0?
2
Evaluate -4 + (2 - 4 - -9).
3
Calculate (5 - (7 - 14)) + -17.
-5
What is the value of 5 + 1 + 0 + -2?
4
What is 1 - (-1 + 7 + -3 + 9)?
-11
Calculate -6 + (2 - (1 + -5)) + -4.
-4
Evaluate -9 + 9 + -2 + 1.
-1
Calculate 0 - (-2 - 0) - (4 + 3).
-5
What is the value of 5 - 1 - (0 - 1)?
5
What is -5 + (6 - 6 - (0 + -3))?
-2
What is -1 + (4 + -9 - -3 - -7)?
4
What is the value of (-6 - -2) + (15 - 14)?
-3
What is the value of 7 - 3 - (3 - (0 + -2))?
-1
What is the value of -2 + 9 - (-20 + 30)?
-3
What is the value of 9 + (-22 - -7) + (4 - 9)?
-11
Evaluate -3 + 3 + (4 - 8).
-4
Evaluate -50 + 45 - (0 - (0 + -1)).
-6
What is -3 - (-9 - -5 - -3)?
-2
2 - 1 - ((-8 - -8) + -5)
6
What is (1 - 8) + (18 - 16)?
-5
Calculate (-1 - 0) + (23 - 23) - 4.
-5
Calculate -3 - (0 - 4) - (-14 - -9).
6
Calculate -5 + 3 + -1 - 1.
-4
Evaluate 3 + -1 - (-1 - (-4 + 9)).
8
-11 + (-1 - -1) + 11
0
What is -7 + -1 + 5 + 2 - 1?
-2
Calculate 9 + -1 + -2 + -8.
-2
What is 1 + 6 + 19 + -23?
3
Calculate 0 + (30 - 23 - (5 + -1)).
3
-5 + -4 + (10 - 0) + 7
8
What is the value of 1 + -2 + 2 - -1?
2
What is the value of 1 + -12 + 2 + 0?
-9
Evaluate -14 + 17 + -1 + (-4 - -2).
0
What is the value of (13 - 3) + -1 + -2 + 0?
7
What is the value of (1 - -1) + (2 - -1)?
5
(-1 - -2 - 0) + (-5 - -2)
-2
Calculate -4 + (2 - 5 - -2 - -1).
-4
What is -20 + (7 - (-4 + -1))?
-8
What is the value of 5 + (-2 - 0) - (-26 - -22)?
7
What is 3 - (3 + 0) - -5?
5
-3 + 1 - (-19 - -20)
-3
What is 4 + -2 + -5 - 1?
-4
Evaluate -5 - (0 + (4 - (-1 - -5))).
-5
What is 0 - (1 + -7) - (-100 - -100)?
6
What is -3 - (-3 + -1 + 3)?
-2
0 - (6 + -5 + -3 + 1)
1
-3 - (1 - (-2 - -3)) - -2
-1
What is the value of -15 + 10 - (0 - 9)?
4
(2 - -2 - 2) + (3 - 3)
2
What is 9 - ((-8 - -7) + 4)?
6
What is (-2 + (3 - 0) - -3) + -7?
-3
What is -2 - -6 - (4 + 1) - 7?
-8
What is the value of 4 + -9 + 9 - 2?
2
-33 + 30 + (2 - 0 - -1)
0
Calculate 10 + -9 + -4 - (1 + -2).
-2
Evaluate -9 + -3 + 6 + 2.
-4
Evaluate -6 + (3 - 16 - -23).
4
What is the value of -3 + (-3 - -4) + (-2 - -1)?
-3
Evaluate (-4 - -20) + -3 - (16 - 11).
8
Evaluate (-2 - -3) + 5 - 1.
5
Evaluate -4 - (2 + (0 + -4 - 5)).
3
What is the value of -2 + (2 + -5 - (-8 + -1))?
4
2 - (-5 + -6 + (-1 - -5))
9
6 + -15 - (-7 - -3)
-5
(2 - 1) + 31 + -36 + 0
-4
Calculate -14 - (-1 + -1 + (-66 - -59)).
-5
What is -5 + (-5 + 7 - 2)?
-5
Evaluate 10 + 8 + -6 + -4 + -2.
6
What is the value of -2 + -1 + (10 + -7 - -4)?
4
1 + 3 + (0 - 8 - -2)
-2
Calculate -3 + 0 + (10 - (12 + -6)).
1
What is 13 - (-3 - -10) - -4?
10
Evaluate (-5 + 4 - 4 - -7) + 0.
2
(-9 - -9) + (2 - 6)
-4
What is 9 - (4 + 0 - (19 - 21))?
3
What is the value of -9 - (4 - (7 + 2))?
-4
What is the value of (5 - (-1 - (5 - 3))) + -4?
4
Calculate 6 + -10 + 6 + -5 + 12.
9
What is (-4 - -1 - (-5 + 6)) + 1?
-3
What is (-2 - (2 - 4)) + -3 + 9?
6
What is the value of 5 + -7 - (1 + 1)?
-4
Evaluate -4 + (4 - (4 - 2)).
-2
(-1 - -2) + 23 + -20
4
Evaluate 2 + -2 - 1 - (-4 - -1).
2
What is -6 + 4 - (4 - 10) - 3?
1
Evaluate -2 - 3 - -2 - -4.
1
What is the value of -9 - (-8 + 19 - 25)?
5
(9 - 10) + (-1 - 0)
-2
What is -5 + 0 + 1 + 5?
1
What is (-2 - -6) + 4 + -10 + 2?
0
-6 + (0 - ((-6 - -6) + -4))
-2
Calculate -4 + (4 - -4) + -4 + 1.
1
((4 - 3) + 0 - 1) + 0
0
What is 1 + -2 - (1 - 10 - -4)?
4
Calculate 14 + (9 - 17) + -15.
-9
What is (-1 - (6 - (3 + -1))) + 2?
-3
What is 1 + -11 - (-36 + 24)?
2
What is the value of -6 - (0 + -10 - -8) - 7?
-11
What is 13 + (-1 - (18 - 6))?
0
Evaluate (4 - 2) + (-20 - -15) + 2.
-1
(1 - 6) + (0 - -5) + 1
1
What is -4 - (1 - (-1 + 0 + 3))?
-3
Calculate 183 + -186 - ((-1 - 1) + 0).
-1
Evaluate 18 + -30 + (4 - -5).
-3
Calculate 0 - (-5 - 0) - (5 - 1).
1
What is 1 + -1 + (-8 - -2) + 5?
-1
What is the value of (2 - (-9 - -1)) + -3?
7
What is (-5 - -1) + (1 + 6 - 3)?
0
What is the value of (-4 - -2) + 5 + -2?
1
Evaluate 6 + (-12 - -9) + -3.
0
Calculate 4 + -10 - 3 - -2.
-7
Calculate 2 + -2 + 4 - 1.
3
What is the value of 0 - 5 - -4 - 2?
-3
Calculate 6 - (-2 - -4) - (6 - -1).
-3
-25 + 23 - (0 - 0)
-2
Calculate (-2 + 1 - -5) + (-27 - -25).
2
What is 8 + -12 + (1 - -8)?
5
Calculate -3 + -3 - (9 - 21).
6
Calculate 3 + 0 + -10 + 6.
-1
What is the value of -2 + (2 - (-3 + 10 - 11))?
4
Evaluate -13 + 20 + (-1 - 2 - 12).
-8
Calculate -6 - -6 - (10 - 2 - 0).
-8
Evaluate (1 - 0) + 7 + (-21 - -18).
5
Calculate -3 - -2 - 1 - 3.
-5
What is the value of (11 - 5 - -1) + -3?
4
What is the value of -15 + 12 + 6 + (1 - 2)?
2
Evaluate 1 - 0 - (-1 - -2 - 5).
5
What is 11 + -20 - -13 - (0 - 3)?
7
What is the value of (-6 - 2 - -16) + -3?
5
What is the value of (-6 - -4 - 3) + 4 - 5?
-6
(-189 - -187) + -1 + (1 - 5)
-7
68 - 72 - (1 - 9)
4
What is 0 + 6 + -6 + -2?
-2
What is 15 - (0 + 23 + -11)?
3
0 + -1 - 0 - -1
0
What is the value of -2 - (12 + -16 - (-2 - 0))?
0
(-12 - (-4 + -2)) + 0
-6
-28 - -19 - (1 + -1 + -1)
-8
What is -18 + 18 - (-3 + 0 + 4)?
-1
3 - (5 - (4 + 2))
4
What is the value of 1 - (1 + -1) - (72 - 76)?
5
What is 2 + 7 + -3 + (-2 - 0)?
4
-1 - (-4 + (5 - 3)) - -1
2
Evaluate -10 - -7 - (-6 - -7).
-4
What is the value of -1 + -3 + 4 + -3?
-3
2 + -3 + 2 + (-1 - 2)
-2
Evaluate 3 + 0 - (-10 - (-7 - 2)).
4
Evaluate -4 + 8 + (-2 - -2) + -1.
3
What is the value of (24 - 21) + (-1 - 0 - -3)?
5
What is 19 + -17 + 3 + 0?
5
-72 - -64 - (0 - 8)
0
Calculate -10 - (-4 - -5) - -4.
-7
What is the value of -2 - 1 - (-12 - (-10 - -5))?
4
-1 - -2 - (1 - 3) - 5
-2
Calculate 1 + (3 - (1 - (-3 - -1))).
1
Evaluate 0 + (-4 - 3) - (-13 + 3).
3
What is (14 - 8) + -5 + -5?
-4
What is the value of -8 + -5 + 7 + (0 - -1)?
-5
What is the value of -8 + 1 - (-5 - (-8 - -5))?
-5
-2 - -3 - (-4 - -5 - 2)
2
What is -2 - (6 + 5 + -7 + -1)?
-5
(-4 - ((-7 - -14) + -1)) + 3
-7
-4 + (-4 - -4 - -5) + 5
6
3 + 5 + -10 + 9
7
2 + (1 + (3 - 6) - -2)
2
2 + (2 + -8 - -7)
3
Calculate (0 - -10) + (0 + 2 - 6).
6
What is the value of 1 - (9 + (-5 - -2))?
-5
Evaluate -2 + 7 + (2 - (-2 - -5)).
4
Calculate (1 - -5) + -4 - (-1 + 7).
-4
What is the value of -3 + 4 + -5 + 3?
-1
Calculate 44 - 46 - (-3 + 0) - 1.
0
What is (-1 - (0 + 0)) + (20 - 19)?
0
4 + -15 + 3 + 6
-2
Calculate (7 - 4) + 3 + -1 + -3.
2
What is -5 - (0 - 9) - (9 - 4)?
-1
-4 + 3 - -5 - -1
5
Calculate 2 - (-21 + 10) - 10.
3
(14 - 9) + -9 + (1 - -2)
-1
Calculate 9 - (-3 + 12 - -2).
-2
Evaluate 13 - (1 + 6 + 8).
-2
Calculate (-2 - 2) + (-5 - -4).
-5
What is -21 + 10 - (2 - (-1 + 8))?
-6
1 - (7 - (8 + -1)) - -7
8
-5 + 6 - (8 + -5)
-2
What is (5 - -1) + -13 + 24 + -18?
-1
2 - 5 - (-2 - (12 - 20))
-9
-2 + (8 + -4 - 0) + -1
1
-18 - (-3 + -4) - -11
0
What is the value of 8 + 5 + -11 - -5?
7
Evaluate (-1 - -4 - 0) + 1.
4
What is 6 + (-10 - -7) + -7?
-4
Evaluate -14 + 7 + 4 + -6 + 1.
-8
-5 - (-12 - (-4 + 4))
7
Calculate 17 + -9 + -3 + 1 + 